[INFO] cloning repository https://github.com/RedBrumbler/UnrealModLoaderTool
[INFO] running `Command { std: "git" "-c" "credential.helper=" "-c" "credential.helper=/workspace/cargo-home/bin/git-credential-null" "clone" "--bare" "https://github.com/RedBrumbler/UnrealModLoaderTool" "/workspace/cache/git-repos/https%3A%2F%2Fgithub.com%2FRedBrumbler%2FUnrealModLoaderTool", kill_on_drop: false }`
[INFO] [stderr] Cloning into bare repository '/workspace/cache/git-repos/https%3A%2F%2Fgithub.com%2FRedBrumbler%2FUnrealModLoaderTool'...
[INFO] running `Command { std: "git" "rev-parse" "HEAD", kill_on_drop: false }`
[INFO] [stdout] c61b8ec72d2bfbb6255075d41f8d792684da9559
[INFO] checking RedBrumbler/UnrealModLoaderTool against master#9610dfe5a9a731ced1ea4923ecbd0c57fe367898 for beta-170-4
[INFO] running `Command { std: "git" "clone" "/workspace/cache/git-repos/https%3A%2F%2Fgithub.com%2FRedBrumbler%2FUnrealModLoaderTool" "/workspace/builds/worker-0-tc1/source", kill_on_drop: false }`
[INFO] [stderr] Cloning into '/workspace/builds/worker-0-tc1/source'...
[INFO] [stderr] done.
[INFO] validating manifest of git repo https://github.com/RedBrumbler/UnrealModLoaderTool on toolchain 9610dfe5a9a731ced1ea4923ecbd0c57fe367898
[INFO] running `Command { std: CARGO_HOME="/workspace/cargo-home" RUSTUP_HOME="/workspace/rustup-home" "/workspace/cargo-home/bin/cargo" "+9610dfe5a9a731ced1ea4923ecbd0c57fe367898" "metadata" "--manifest-path" "Cargo.toml" "--no-deps", kill_on_drop: false }`
[INFO] removed /workspace/builds/worker-0-tc1/source/rust-toolchain
[INFO] started tweaking git repo https://github.com/RedBrumbler/UnrealModLoaderTool
[INFO] finished tweaking git repo https://github.com/RedBrumbler/UnrealModLoaderTool
[INFO] tweaked toml for git repo https://github.com/RedBrumbler/UnrealModLoaderTool written to /workspace/builds/worker-0-tc1/source/Cargo.toml
[INFO] crate git repo https://github.com/RedBrumbler/UnrealModLoaderTool already has a lockfile, it will not be regenerated
[INFO] running `Command { std: CARGO_HOME="/workspace/cargo-home" RUSTUP_HOME="/workspace/rustup-home" "/workspace/cargo-home/bin/cargo" "+9610dfe5a9a731ced1ea4923ecbd0c57fe367898" "fetch" "--manifest-path" "Cargo.toml", kill_on_drop: false }`
[INFO] [stderr]  Downloading crates ...
[INFO] [stderr]   Downloaded clap_derive v3.1.0
[INFO] running `Command { std: "docker" "create" "-v" "/var/lib/crater-agent-workspace/builds/worker-0-tc1/target:/opt/rustwide/target:rw,Z" "-v" "/var/lib/crater-agent-workspace/builds/worker-0-tc1/source:/opt/rustwide/workdir:ro,Z" "-v" "/var/lib/crater-agent-workspace/cargo-home:/opt/rustwide/cargo-home:ro,Z" "-v" "/var/lib/crater-agent-workspace/rustup-home:/opt/rustwide/rustup-home:ro,Z" "-e" "SOURCE_DIR=/opt/rustwide/workdir" "-e" "CARGO_TARGET_DIR=/opt/rustwide/target" "-e" "CARGO_HOME=/opt/rustwide/cargo-home" "-e" "RUSTUP_HOME=/opt/rustwide/rustup-home" "-w" "/opt/rustwide/workdir" "-m" "1610612736" "--user" "0:0" "--network" "none" "ghcr.io/rust-lang/crates-build-env/linux@sha256:19e73879b68f455e41552ea35293514db52ea292d993f571636dbffedb77a1ee" "/opt/rustwide/cargo-home/bin/cargo" "+9610dfe5a9a731ced1ea4923ecbd0c57fe367898" "metadata" "--no-deps" "--format-version=1", kill_on_drop: false }`
[INFO] [stdout] 26ffd1ebf9b86fcf07e6d003db0199ac43ce9b932dc651efecb4ccd41a2bb2c9
[INFO] running `Command { std: "docker" "start" "-a" "26ffd1ebf9b86fcf07e6d003db0199ac43ce9b932dc651efecb4ccd41a2bb2c9", kill_on_drop: false }`
[INFO] running `Command { std: "docker" "inspect" "26ffd1ebf9b86fcf07e6d003db0199ac43ce9b932dc651efecb4ccd41a2bb2c9", kill_on_drop: false }`
[INFO] running `Command { std: "docker" "rm" "-f" "26ffd1ebf9b86fcf07e6d003db0199ac43ce9b932dc651efecb4ccd41a2bb2c9", kill_on_drop: false }`
[INFO] [stdout] 26ffd1ebf9b86fcf07e6d003db0199ac43ce9b932dc651efecb4ccd41a2bb2c9
[INFO] running `Command { std: "docker" "create" "-v" "/var/lib/crater-agent-workspace/builds/worker-0-tc1/target:/opt/rustwide/target:rw,Z" "-v" "/var/lib/crater-agent-workspace/builds/worker-0-tc1/source:/opt/rustwide/workdir:ro,Z" "-v" "/var/lib/crater-agent-workspace/cargo-home:/opt/rustwide/cargo-home:ro,Z" "-v" "/var/lib/crater-agent-workspace/rustup-home:/opt/rustwide/rustup-home:ro,Z" "-e" "SOURCE_DIR=/opt/rustwide/workdir" "-e" "CARGO_TARGET_DIR=/opt/rustwide/target" "-e" "CARGO_INCREMENTAL=0" "-e" "RUST_BACKTRACE=full" "-e" "RUSTFLAGS=--cap-lints=forbid" "-e" "RUSTDOCFLAGS=--cap-lints=forbid" "-e" "CARGO_HOME=/opt/rustwide/cargo-home" "-e" "RUSTUP_HOME=/opt/rustwide/rustup-home" "-w" "/opt/rustwide/workdir" "-m" "1610612736" "--user" "0:0" "--network" "none" "ghcr.io/rust-lang/crates-build-env/linux@sha256:19e73879b68f455e41552ea35293514db52ea292d993f571636dbffedb77a1ee" "/opt/rustwide/cargo-home/bin/cargo" "+9610dfe5a9a731ced1ea4923ecbd0c57fe367898" "check" "--frozen" "--all" "--all-targets" "--message-format=json", kill_on_drop: false }`
[INFO] [stdout] 17a26da96bea890494b183991efb655a7940204bc56048bf72e7989a6c667653
[INFO] running `Command { std: "docker" "start" "-a" "17a26da96bea890494b183991efb655a7940204bc56048bf72e7989a6c667653", kill_on_drop: false }`
[INFO] [stderr]    Compiling proc-macro2 v1.0.36
[INFO] [stderr]    Compiling unicode-xid v0.2.2
[INFO] [stderr]    Compiling syn v1.0.86
[INFO] [stderr]    Compiling libc v0.2.119
[INFO] [stderr]    Compiling serde_derive v1.0.136
[INFO] [stderr]    Compiling memchr v2.4.1
[INFO] [stderr]    Compiling autocfg v1.1.0
[INFO] [stderr]    Compiling serde v1.0.136
[INFO] [stderr]    Compiling heck v0.4.0
[INFO] [stderr]    Compiling serde_json v1.0.79
[INFO] [stderr]     Checking hashbrown v0.11.2
[INFO] [stderr]     Checking termcolor v1.1.2
[INFO] [stderr]     Checking strsim v0.10.0
[INFO] [stderr]     Checking textwrap v0.14.2
[INFO] [stderr]    Compiling proc-macro-error-attr v1.0.4
[INFO] [stderr]    Compiling proc-macro-error v1.0.4
[INFO] [stderr]     Checking owo-colors v3.2.0
[INFO] [stderr]    Compiling indexmap v1.8.0
[INFO] [stderr]     Checking os_str_bytes v6.0.0
[INFO] [stderr]    Compiling quote v1.0.15
[INFO] [stderr]     Checking atty v0.2.14
[INFO] [stderr]    Compiling clap_derive v3.1.0
[INFO] [stderr]     Checking clap v3.1.0
[INFO] [stderr]     Checking ue-modloader-tool v0.1.0 (/opt/rustwide/workdir)
[INFO] [stdout] error[E0433]: failed to resolve: could not find `windows` in `os`
[INFO] [stdout]  --> src/commands/build.rs:1:14
[INFO] [stdout]   |
[INFO] [stdout] 1 | use std::os::windows::process::CommandExt;
[INFO] [stdout]   |              ^^^^^^^ could not find `windows` in `os`
[INFO] [stdout] 
[INFO] [stdout] 
[INFO] [stdout] error[E0433]: failed to resolve: could not find `windows` in `os`
[INFO] [stdout]  --> src/commands/build.rs:1:14
[INFO] [stdout]   |
[INFO] [stdout] 1 | use std::os::windows::process::CommandExt;
[INFO] [stdout]   |              ^^^^^^^ could not find `windows` in `os`
[INFO] [stdout] 
[INFO] [stdout] 
[INFO] [stdout] error[E0635]: unknown feature `windows_process_extensions_raw_arg`
[INFO] [stdout]  --> src/main.rs:1:12
[INFO] [stdout]   |
[INFO] [stdout] 1 | #![feature(windows_process_extensions_raw_arg)]
[INFO] [stdout]   |            ^^^^^^^^^^^^^^^^^^^^^^^^^^^^^^^^^^
[INFO] [stdout] 
[INFO] [stdout] 
[INFO] [stdout] error[E0635]: unknown feature `windows_process_extensions_raw_arg`
[INFO] [stdout]  --> src/main.rs:1:12
[INFO] [stdout]   |
[INFO] [stdout] 1 | #![feature(windows_process_extensions_raw_arg)]
[INFO] [stdout]   |            ^^^^^^^^^^^^^^^^^^^^^^^^^^^^^^^^^^
[INFO] [stdout] 
[INFO] [stdout] 
[INFO] [stdout] error[E0599]: no method named `raw_arg` found for mutable reference `&mut Command` in the current scope
[INFO] [stdout]   --> src/commands/build.rs:25:17
[INFO] [stdout]    |
[INFO] [stdout] 25 |     b.arg("/C").raw_arg(raw);
[INFO] [stdout]    |                 ^^^^^^^ method not found in `&mut Command`
[INFO] [stdout] 
[INFO] [stdout] 
[INFO] [stdout] error[E0599]: no method named `raw_arg` found for mutable reference `&mut Command` in the current scope
[INFO] [stdout]   --> src/commands/build.rs:25:17
[INFO] [stdout]    |
[INFO] [stdout] 25 |     b.arg("/C").raw_arg(raw);
[INFO] [stdout]    |                 ^^^^^^^ method not found in `&mut Command`
[INFO] [stdout] 
[INFO] [stdout] 
[INFO] [stdout] error: aborting due to 3 previous errors
[INFO] [stdout] 
[INFO] [stdout] 
[INFO] [stdout] Some errors have detailed explanations: E0433, E0599, E0635.
[INFO] [stdout] 
[INFO] [stdout] For more information about an error, try `rustc --explain E0433`.
[INFO] [stdout] 
[INFO] [stderr] error: could not compile `ue-modloader-tool` (bin "ue-modloader-tool" test) due to 4 previous errors
[INFO] [stderr] warning: build failed, waiting for other jobs to finish...
[INFO] [stdout] error: aborting due to 3 previous errors
[INFO] [stdout] 
[INFO] [stdout] 
[INFO] [stdout] Some errors have detailed explanations: E0433, E0599, E0635.
[INFO] [stdout] 
[INFO] [stdout] For more information about an error, try `rustc --explain E0433`.
[INFO] [stdout] 
[INFO] [stderr] error: could not compile `ue-modloader-tool` (bin "ue-modloader-tool") due to 4 previous errors
[INFO] running `Command { std: "docker" "inspect" "17a26da96bea890494b183991efb655a7940204bc56048bf72e7989a6c667653", kill_on_drop: false }`
[INFO] running `Command { std: "docker" "rm" "-f" "17a26da96bea890494b183991efb655a7940204bc56048bf72e7989a6c667653", kill_on_drop: false }`
[INFO] [stdout] 17a26da96bea890494b183991efb655a7940204bc56048bf72e7989a6c667653
